number?
True
Let f(n) = 13*n - 195. Let d be f(15). Suppose 3*v + 2*r - 33079 = d, -3*v + 33084 = -5*r + 2*r. Is v composite?
False
Suppose -d + 15*d = 2009106 + 6545860. Is d a composite number?
False
Suppose z = -3*i - 3*z, 0 = -2*i + 4*z - 20. Let v(y) = 1321*y**2 + y + 1. Is v(i) composite?
True
Let a = -86 + 86. Suppose -c + 1 + 4 = a. Suppose -c*i - 581 = -6*i. Is i prime?
False
Let f be ((-2)/4)/1*91944/(-3). Suppose 4*d - 8*d = -f. Is d a prime number?
False
Let f = 80315 + -37494. Is f composite?
False
Let l(z) = 1287*z**3 - 8*z**2 + 100*z - 448. Is l(5) a prime number?
False
Let z(s) = 4*s - 24. Let l be z(6). Suppose 4*o = 5*r + 6824, -4*o + 2*o + 5*r + 3402 = l. Let f = o + -56. Is f prime?
False
Let f(p) = 97. Let k(j) be the first derivative of j**2/2 - 291*j + 9. Let g(n) = 7*f(n) + 2*k(n). Is g(0) a prime number?
True
Let b = -71262 + 101051. Is b composite?
False
Suppose -7636 - 63756 - 347793 = -5*h. Is h a composite number?
True
Let s = -842 - -175933. Is s prime?
False
Let h be (-35)/(-315) - (-106)/18. Is (26382/(-8))/((-1)/8*h) prime?
True
Suppose -2*b + z - 2*z = -9, z + 5 = 0. Let c(j) = j**2 - 5*j - 12. Let o be c(b). Suppose 8 = 2*a + o*u + 3*u, 0 = 2*a - 4*u - 44. Is a composite?
True
Let o(q) = 1426*q**2 + 47*q - 365. Is o(6) a prime number?
False
Is (-98588826)/(-4050) + 2/25 a prime number?
False
Let k be ((-1)/(-2))/((-13)/(-59618)). Let j = -1102 + k. Is j composite?
True
Suppose 3*h - 15 = -3, -4*h + 30 = 2*f. Suppose f*l - 22106 - 672 = 0. Is l prime?
False
Let k(h) = -14*h**3 + 5*h**2 + 10*h + 13. Let d be 230/(-35) - 6/14. Let i be k(d). Suppose -25*x = -15*x - i. Is x prime?
True
Let s = 2973 - -43586. Is s a prime number?
True
Let n(p) = 458*p - 1 - 28*p - 5 - 1. Is n(3) composite?
False
Let a be (4/64*12)/((-1)/32). Is (-3)/(a/(-199312)*-2) a composite number?
False
Let j(b) be the second derivative of -131*b**3/3 - 9*b**2 + 9*b. Let u(c) = 175*c + 12. Let a(n) = 5*j(n) + 7*u(n). Is a(-17) composite?
False
Suppose -276669 = -2*l + 5*h, 15994 = -3*l - 5*h + 431010. Is l a composite number?
False
Let s(y) = y + 2. Let v = -8 - -9. Let h be s(v). Suppose 3*l - 909 = -3*z, 4*l + 630 = -h*z + 5*z. Is z composite?
False
Let q = 10424 - -8415. Is q composite?
False
Suppose m - 6*m + 2*w = -691059, -5*w - 35 = 0. Is m a prime number?
True
Let u be -1*11/((-22)/20). Suppose u*z = 13*z. Suppose 2*i + 4*l - 890 = 0, 3*l = 4*i - z*l - 1802. Is i a composite number?
False
Suppose 18*t = 361 + 449. Let a(l) = -18 - 45*l + 36*l**2 + t + 44*l. Is a(-8) a composite number?
False
Let z(y) = 2*y**2 - 2*y - 4. Let s be z(3). Let v(p) = 11*p**2 - 2*p + 13. Let i be v(s). Suppose -i = -l - 2*n - 0*n, -l + 717 = -2*n. Is l composite?
False
Let r(p) = 35*p - 42. Let b(m) = -35*m + 44. Let f(q) = 3*b(q) + 4*r(q). Is f(5) a composite number?
False
Suppose 984804 = 47*g - 2665592. Let m = -23145 + g. Is m a composite number?
True
Let d(t) = t + 6. Let y be d(-2). Suppose -y*v = 1826 - 14374. Is v a prime number?
True
Let v(z) = -10*z**2 - 11*z + 28. Let d(l) = -11*l**2 - 11*l + 29. Let b(r) = -5*d(r) + 6*v(r). Let t be b(-19). Let k = t + 2364. Is k composite?
True
Suppose -9*g + 20*g - 44 = 0. Is 203*(0 - -25) + g a prime number?
False
Let c = -16905 + 5800. Let k = -5958 - c. Is k composite?
False
Let b(x) = x**3 + 55*x**2 + 17*x + 165. Is b(-52) prime?
True
Let n = 31 + -28. Suppose 2194 = 2*l + n*a, -4*a = 3*l + 1040 - 4329. Let r = 1740 - l. Is r a prime number?
False
Let b be (15/(-2))/((-72)/192). Is 24328/b*5/2 prime?
True
Let u = -28075 - -355304. Is u prime?
False
Suppose 21 + 18 = 13*g. Suppose 1354 = g*l - 1037. Is l composite?
False
Let t = -295 + 503. Suppose t = z + 4*r - 0*r, 2 = -2*r. Suppose -9*g + z = -5*g. Is g composite?
False
Let b be 6/4*(-140)/15. Let r be (7/b)/((-2)/20*1). Suppose 4*a - 6381 = -r*a. Is a composite?
False
Let j(q) = 5*q**2 - 19*q - 4591. Is j(83) composite?
False
Suppose 0 = -2*u + 6*u - 43552. Let m = u + -6041. Is m a composite number?
True
Suppose -39 = -12*o - 15. Is (-9)/6*o/3*-6007 composite?
False
Let i = 3696 + -2491. Let w(z) = -748*z - i*z - 3 + 311*z. Is w(-1) a prime number?
False
Let x(a) = 223*a + 11*a**2 - 214*a - 153 + 146. Is x(-19) a composite number?
False
Let u be 5/10*6 + (-4)/(-4). Suppose -5*r - 2*b + 1249 = -u*b, 3*r = 5*b + 738. Is r a prime number?
True
Suppose 72*m - 61396 + 9133 - 450945 = 0. Is m composite?
True
Is 24/192 - 7976508/(-32) composite?
True
Let a be 1/(-5) + (-362556)/(-180). Suppose d = 5*g + 1014, 19*d - 4*g + a = 21*d. Is d a prime number?
True
Let k be 7 - -4*(-18789)/4. Let q = 29809 + k. Is q a composite number?
False
Let g = 498454 - -31587. Is g composite?
False
Let w = -136432 + 244611. Is w composite?
False
Suppose 79*o + 31442458 = -149*o + 100842694. Is o composite?
True
Let y = 2124411 + -978752. Is y prime?
True
Let b(n) = 14360*n + 16. Let y be b(2). Let h = 49297 - y. Is h composite?
True
Let d be (0 + 3 - 2)/((-8)/(-80)). Is (-458190)/(-75) + (-2)/d a composite number?
True
Let h(i) = 6 - 46 - 4 + 35*i - 800*i. Is h(-11) prime?
False
Suppose -5*c + 0*c = 3625. Let t = c + 1092. Let d = t + -50. Is d composite?
False
Let n be (-25)/5*1 - -5. Suppose n = i - 0*i + 2, 3*i = -o + 367. Is o a prime number?
True
Let a(v) = 3*v**2 + 7. Suppose 4*q + 80 = 56. Is a(q) composite?
True
Let p(f) = 4591*f**2 - 50*f - 190. Is p(14) prime?
False
Let t(j) = 29*j**3 - 3*j**2 + 27*j - 309. Is t(8) a prime number?
True
Suppose -186*m = -192*m + 1204638. Is m prime?
False
Let u = 41 - 38. Suppose -4*f = f - 25, -5*z - u*f - 2315 = 0. Let l = z + 785. Is l a prime number?
False
Let n(r) = -23*r + 29. Let u(o) = o + 12. Let f be u(-9). Suppose -50 = f*g + d + 4*d, -2*g - d - 24 = 0. Is n(g) composite?
True
Let w be -4 - ((-2)/3)/(4/60). Suppose 3*k = 2*p - 0 + 14, -3*k = w. Let v(b) = -2*b**3 - 5*b**2 - 3*b - 1. Is v(p) a composite number?
True
Let q be 1 + -1 + 0/(-2). Let o be ((q - -773)*1)/(-1). Let u = -522 - o. Is u composite?
False
Let i(p) = -203*p - 1033. Is i(-42) prime?
False
Let l be 3*(4/(16/4))/1. Suppose 9*j = -l*j + 29940. Is j a prime number?
False
Suppose -60*m + 82 + 287 = 9. Suppose -4 = 4*f, 2*o = -0*o + 5*f + 9. Suppose o*t - 4*s - 3570 = 0, s = m*s - 25. Is t a prime number?
False
Let b = 144819 + -83728. Is b composite?
False
Let n(t) = t**2 - 3*t + 2. Let i be n(2). Suppose 2*j = -8, i*j + j = 2*r. Is ((-25545)/25)/(-3) - r/5 prime?
False
Let g = -5 + 26. Let n(a) = 19 - 27 - g*a - 29 - a. Is n(-15) composite?
False
Suppose 3*c - 4*i = 87775, 3*c = 150*i - 155*i + 87766. Is c a composite number?
True
Let h(t) = 2*t + 19. Let v be h(-8). Let j be (2/v)/(2/9). Suppose -x - 4*x + y = -6333, 2*y = -j*x + 3805. Is x composite?
True
Suppose -134*d + l - 53475 = -138*d, d = -3*l + 13388. Is d composite?
False
Let m(u) = 2800*u + 1711. Is m(21) a prime number?
False
Suppose -30*m + 14*m - 112 = 0. Let o(n) = 106*n**2 + 12*n + 79. Is o(m) a prime number?
True
Is (-4130950)/(-4)*208/520 a composite number?
True
Let k(x) = 5*x - 11. Let p be k(-3). Let q = -21 - p. Let g(h) = 5*h - 6. Is g(q) a prime number?
True
Let j = 190695 + -135646. Is j prime?
True
Suppose 3*p - 106 - 5 = 0. Let t be 75/20 + (-12)/16 - 3. Suppose p = m - t. Is m prime?
True
Let x(z) = -z**3 - 11*z**2 - 11*z + 13. Let s = 158 - 170. Is x(s) prime?
False
Suppose -2*y - 8 = 0, 0 = 3*g - 5*y - 5413 - 6196. Is g composite?
False
Is (-1 - (-5505484)/16)/(9/12) a composite number?
False
Let g be 44/55 - 12/15. Suppose -6*t - 2093 + 7307 = g. Is t a prime number?
False
Let w = -20 - -15. Let y be (-137)/(-9) + (235/(-45) - w). Suppose -7*r + 2*r - y = 0, 2*p - 35 = -3*r. Is p a prime number?
False
Let d(v) = 3153*v**2 + 11. Is d(6) composite?
True
Let b = 124683 - -470798. Is b a composite number?
False
Let z(u) = -18*u**3 + 4*u**2 - 6*u + 2. Let g be z(-5). Let m = g - 4930. Let t = 3702 + m. Is t a composite number?
True
Let y be 6/4*(16/6)/1. Let c be (1/(-1))/(3/(-6)). Suppose c*h = 4*h + 3*o - 898, -y*h + 1778 = -3*o. Is h prime?
False
Let z(p) = -8462*p - 173. Let u(q) = 25386*q + 512. Let i(o) = 2*u(o) + 7*z(o). Is i(-9) prime?
False
Let z(p) = 172*p**2 + 32*p + 1815. Is z(56) a composite number?
False
Suppose 2*s + 2328 = z, 3*s + 0*s = -3*z - 3492. Let n = 3137